{"id":30,"date":"2015-03-25T12:48:19","date_gmt":"2015-03-25T12:48:19","guid":{"rendered":"http:\/\/wabe-stuttgart.de\/cms\/?page_id=30"},"modified":"2017-09-01T13:03:53","modified_gmt":"2017-09-01T13:03:53","slug":"www-wabe-stuttgart-decms","status":"publish","type":"page","link":"https:\/\/wabe-stuttgart.de\/cms\/","title":{"rendered":"Idee"},"content":{"rendered":"<div id=\"tabs\">\n<ul>\n<li><a href=\"#tabs-1\">Wohnen als Nachhausekommen<\/a><\/li>\n<li><a href=\"#tabs-2\">\u201eJedem Anfang liegt ein Zauber inne\u201c (Hermann Hesse)<\/a><\/li>\n<li><a href=\"#tabs-3\">Unser Denken und Handeln<\/a><\/li>\n<li><a href=\"#tabs-4\">Unser Leitbild<\/a><\/li>\n<li><a href=\"#tabs-5\">Wohnen und Leben gemeinsam gestalten<\/a><\/li>\n<\/ul>\n<div class='content-column one_half'><div id=\"tabs-1\">\n<h2>Wohnen als Nachhausekommen<\/h2>\n<p>Wir betrachten Wohnen nicht als etwas Statisches. Es ist kein Ort, wo man ist, sondern ein Prozess, also ein St\u00fcck Leben, nicht ein Lagerhaltungssystem. Demzufolge will die Wabe durch Integration, Solidarit\u00e4t, Hilfsbereitschaft und Toleranz eine neue Form der Gemeinschaft gestalten, die Miteinander und Individualit\u00e4t verbindet.<\/p>\n<p>Wer Leben in einer generations\u00fcbergreifenden Gemeinschaft als zukunftweisendes Modell versteht, kann hier auf der Basis von Vertrauen und freundschaftlicher nachbarschaftlicher N\u00e4he vielf\u00e4ltige zwischenmenschliche Beziehungen im gesellschaftlichen Mit- und F\u00fcreinander finden und anderen anbieten.<\/p>\n<\/div>\n<div id=\"tabs-2\">\n<h2>\u201eJedem Anfang liegt ein Zauber inne\u201c (Hermann Hesse)<\/h2>\n<p>Geschichte ist \u00dcbergang. Das ist eine Binsenweisheit. Zuweilen allerdings verdichtet sich der unmerklich gleitende Wandel zur historischen Z\u00e4sur \u2013 zum Bruch mit Gewesenem und Gewordenem.<\/p>\n<p>Ein weiterer Satz aus Hermann Hesses \u201eSteppenwolf\u201c beschreibt ungef\u00e4hr die Seelenlage. Er meinte, dass es Zeitalter gebe, in denen eine ganze Generation zwischen zwei Lebensstile hineinger\u00e4t, so dass ihr jede Selbstverst\u00e4ndlichkeit und jede Geborgenheit verlorengeht. Der moderne Mensch hat Freiheiten gewonnen und Sicherheiten verloren. Wir m\u00fcssen uns wieder st\u00e4rker den Lebenswelten der Menschen zuwenden und neue Formen des Zusammenlebens und auch des Zusammenwohnens finden.<\/p>\n<\/div>\n<div id=\"tabs-3\">\n<h2>Unser Denken und Handeln<\/h2>\n<p>Die Mitglieder der Wabe haben folgende Intention: Wir wollen Treffpunkt sein f\u00fcr Menschen, die sich zutrauen, mit der n\u00f6tigen Offenheit, Hilfsbereitschaft und Toleranz eine neue Form der Gemeinschaft zu gestalten \u2013 f\u00fcr Menschen, die Individualit\u00e4t ebenso sch\u00e4tzen wie ein hilfreiches Miteinander.<\/p>\n<p>Um dies zu realisieren, bilden wir zun\u00e4chst Projektgruppen, die der Information, der Aufnahme von W\u00fcnschen und Anregungen, der Planung und der Absprachen von organisatorisch Notwendigem dienen. Daneben ist ein nicht offizielles Zusammensein wichtig \u2013 seien\u00a0es Wanderungen, Besichtigungen, Treffen im kleineren Kreis u. \u00e4., um sich gegenseitig kennenzulernen und gemeinsame Interessen, aber auch Probleme und m\u00f6gliche Konflikte zu besprechen.<\/p>\n<p>Doch es braucht viel Geduld und einen langen Atem, um solche Projekte verwirklichen zu k\u00f6nnen. Das Umdenken muss zuerst im Kopf beginnen \u2013 zun\u00e4chst in den K\u00f6pfen der Menschen, f\u00fcr die solche L\u00f6sungen sinnvoll w\u00e4ren. Dann aber auch in den K\u00f6pfen der in den Kommunen f\u00fcr Wohnungsbau, Familien und Soziales Zust\u00e4ndigen, denn ganz aus eigener Kraft wird es selten m\u00f6glich sein.<\/p>\n<\/div>\n<div id=\"tabs-4\">\n<h2>Unser Leitbild<\/h2>\n<p>Wir w\u00fcnschen uns ein gemeinschaftliches Wohnen, das die Eigenst\u00e4ndigkeit der Bewohner respektiert und sch\u00fctzt. Im t\u00e4glichen Leben w\u00fcnschen wir uns Gemeinsamkeiten, ohne dass daraus ein Zwang entsteht. Bestandteil des h\u00e4uslichen Miteinanders k\u00f6nnen regelm\u00e4\u00dfige Treffen der Hausgemeinschaft sein. Um dies zu realisieren, sollten in unseren H\u00e4usern zus\u00e4tzliche Gemeinschaftsr\u00e4ume eingeplant werden.<\/p>\n<p>Wir glauben, dass wir durch das Einbringen unserer unterschiedlichen F\u00e4higkeiten, W\u00fcnsche und Tr\u00e4ume eine neue Qualit\u00e4t vom Wohnen und Leben erreichen werden.<br \/>\nGegenseitige Hilfe und Unterst\u00fctzung in den kleinen und gro\u00dfen Dingen des Alltags sind erw\u00fcnscht. Bei besonderen Krankheitsf\u00e4llen wollen wir auch Dienste von au\u00dfen einbeziehen.<\/p>\n<p>Unsere Gemeinschaft wird nach au\u00dfen offen sein und Aktivit\u00e4ten im Stadtteil und kulturelle Vielfalt f\u00f6rdern. Und: Unsere H\u00e4user soll Menschen und Natur wenig belasten. Diese und \u00e4hnliche Wohnprojekte wollen wir mit Rat und Tat unterst\u00fctzen.<\/p>\n<\/div>\n<div id=\"tabs-5\">\n<h2>Wohnen und Leben gemeinsam gestalten<\/h2>\n<p>Der jetzige Zustand unserer Gesellschaft ist in vielen Bereichen unbefriedigend. Besonders aufgrund der eingetretenen \u201eIndividualisierung\u201c l\u00f6sen sich gewachsene Strukturen auf. Es entstehen Lebensformen, die h\u00e4ufig Gemeinschaftssinn vermissen lassen, obwohl der Einzelne die Gemeinschaft in vielerlei Formen zum Leben ben\u00f6tigt.<\/p>\n<p>Wer wie wir das selbstbestimmte \u201eLeben in einer generations\u00fcbergreifenden Gemeinschaft\u201c als zukunftweisendes Modell begreift, kann auf der Basis von Vertrauen und freundschaftlicher N\u00e4he vielf\u00e4ltige zwischenmenschliche Beziehungen finden und anderen anbieten.<\/p>\n<\/div>\n<\/div><\/div>\n<div class='content-column one_half last_column'><p><a href=\"http:\/\/wabe-stuttgart.de\/cms\/wp-content\/uploads\/2015\/03\/wabe_hp_dieidee.png\" rel=\"attachment wp-att-371\"><img loading=\"lazy\" decoding=\"async\" class=\"alignright wp-image-371\" src=\"http:\/\/wabe-stuttgart.de\/cms\/wp-content\/uploads\/2015\/03\/wabe_hp_dieidee-300x221.png\" alt=\"wabe_hp_dieidee\" width=\"383\" height=\"283\" srcset=\"https:\/\/wabe-stuttgart.de\/cms\/wp-content\/uploads\/2015\/03\/wabe_hp_dieidee-300x221.png 300w, https:\/\/wabe-stuttgart.de\/cms\/wp-content\/uploads\/2015\/03\/wabe_hp_dieidee-768x567.png 768w, https:\/\/wabe-stuttgart.de\/cms\/wp-content\/uploads\/2015\/03\/wabe_hp_dieidee.png 863w\" sizes=\"(max-width: 383px) 100vw, 383px\" \/><\/a><\/p><\/div><div class='clear_column'><\/div>\n","protected":false},"excerpt":{"rendered":"<p>Wohnen als Nachhausekommen \u201eJedem Anfang liegt ein Zauber inne\u201c (Hermann Hesse) Unser Denken und Handeln Unser Leitbild Wohnen und Leben gemeinsam gestalten<\/p>\n","protected":false},"author":1,"featured_media":0,"parent":0,"menu_order":0,"comment_status":"closed","ping_status":"closed","template":"","meta":{"footnotes":""},"_links":{"self":[{"href":"https:\/\/wabe-stuttgart.de\/cms\/wp-json\/wp\/v2\/pages\/30"}],"collection":[{"href":"https:\/\/wabe-stuttgart.de\/cms\/wp-json\/wp\/v2\/pages"}],"about":[{"href":"https:\/\/wabe-stuttgart.de\/cms\/wp-json\/wp\/v2\/types\/page"}],"author":[{"embeddable":true,"href":"https:\/\/wabe-stuttgart.de\/cms\/wp-json\/wp\/v2\/users\/1"}],"replies":[{"embeddable":true,"href":"https:\/\/wabe-stuttgart.de\/cms\/wp-json\/wp\/v2\/comments?post=30"}],"version-history":[{"count":42,"href":"https:\/\/wabe-stuttgart.de\/cms\/wp-json\/wp\/v2\/pages\/30\/revisions"}],"predecessor-version":[{"id":715,"href":"https:\/\/wabe-stuttgart.de\/cms\/wp-json\/wp\/v2\/pages\/30\/revisions\/715"}],"wp:attachment":[{"href":"https:\/\/wabe-stuttgart.de\/cms\/wp-json\/wp\/v2\/media?parent=30"}],"curies":[{"name":"wp","href":"https:\/\/api.w.org\/{rel}","templated":true}]}}