{"id":10,"date":"2015-03-25T10:34:41","date_gmt":"2015-03-25T10:34:41","guid":{"rendered":"http:\/\/wabe-stuttgart.de\/cms\/?page_id=10"},"modified":"2016-05-14T22:46:04","modified_gmt":"2016-05-14T22:46:04","slug":"haus-wabe-frueher-burgholzhof","status":"publish","type":"page","link":"https:\/\/wabe-stuttgart.de\/cms\/wohnprojekte\/haus-wabe-frueher-burgholzhof\/","title":{"rendered":"Haus WABE (fr\u00fcher Burgholzhof I)"},"content":{"rendered":"<div class='content-column one_half'><p><strong>Mehrere Generationen unter einem Dach<\/strong><\/p>\n<p>In Baden-W\u00fcrttemberg gibt es derzeit 20 dieser Wohnprojekte von Jung und Alt. Durch selbstbestimmtes gemeinschaftliches Wohnen versucht der Wabe e. V. eingefahrene Vorstellungen von Wohnen und Leben zu \u201eknacken\u201c, um damit die Isolation und Anonymit\u00e4t in Siedlungen und Mietsh\u00e4usern zu durchbrechen.<\/p>\n<p>Der Burgholzhof war bis Mitte der 1990er Jahre gr\u00f6\u00dftenteils US-Milit\u00e4rgel\u00e4nde. Dort entstand in Zusammenarbeit mit der Wohnbaugenossenschaft <a href=\"http:\/\/www.pro-wohngenossenschaft.de\" target=\"_blank\">pro&#8230; eG<\/a> eine ganz neue Siedlung, zu der auch drei Generationenh\u00e4user geh\u00f6ren \u2013 die H\u00e4user WABE, MOBILE und MOSAIK.<\/p>\n<p>Der Bau des Stuttgarter Generationenhauses WABE kam nicht in den Genuss von Bundesf\u00f6rdermitteln, doch die Stadt Stuttgart stellte das Grundst\u00fcck f\u00fcr dieses Wohnexperiment g\u00fcnstig zur Verf\u00fcgung. So entstanden 15 Wohnungen, Gemeinschaftsr\u00e4ume im Untergeschoss und ein h\u00fcbscher Garten mit Terrasse. Die Wohnungen sind alle behindertengerecht ausgestattet. Rein architektonisch erm\u00f6glicht die Gestaltung des Hauses, so lange wie m\u00f6glich in den eigenen vier W\u00e4nden bleiben zu k\u00f6nnen.<\/p>\n<p>Insgesamt zogen 15 Familien unterschiedlicher Gr\u00f6\u00dfe und Menschen aller Altersgruppen ein. Das Wohnhaus besteht aus<br \/>\n&#8211; 5 Stockwerken<br \/>\n&#8211; 12 Mietwohnungen<br \/>\n&#8211; 3 Eigentumswohnungen<br \/>\n&#8211; Wohnraumfl\u00e4chen zwischen 40 und 120 qm<br \/>\n&#8211; Gemeinschaftsr\u00e4umen, Werkstatt und Fahrradraum.<\/p>\n<p>Eine ausf\u00fchrliche Beschreibung dieses Wohnprojekts ist im <a href=\"http:\/\/wabe-stuttgart.de\/cms\/wp-content\/uploads\/2015\/05\/Wabe-Blattle_13_web_3_120215.pdf\" target=\"_blank\" rel=\"\">Wabe Bl\u00e4ttle Nr. 13 Seite 7<\/a> nachzulesen.<\/p>\n<p>Als Vorzeigeprojekt bekommt das Generationenhaus WABE immer wieder Besuch von Interessierten. Deutlich wird bei solchen Gruppenbesuchen, dass es vor allem \u00e4ltere Menschen sind, die sich f\u00fcr das Konzept \u201eGenerationenhaus\u201c interessieren. \u00dcberleben und gr\u00f6\u00dfer werden kann die Idee des gemeinschaftliche Wohnens und Lebens jedoch nur, wenn sich auch die J\u00fcngeren daf\u00fcr begeistern lassen.<\/p>\n<h2>Der Architekt<\/h2>\n<p>Kurt K\u00fchfu\u00df<br \/>\nDipl.-Ing. Freier Architekt<br \/>\nOstendstra\u00dfe 106<br \/>\n70188 Stuttgart<br \/>\nTel: 0711-463898<br \/>\nE-Mail: <a href=\"mailto:post@kuehfuss-architekten.de\" target=\"_blank\">post@kuehfuss-architekten.de<\/a><br \/>\nin Zusammenarbeit mit \u201e<a href=\"http:\/\/www.pro-wohngenossenschaft.de\" target=\"_blank\">pro\u2026 Wohngenossenschaft eG<\/a>&#8220;<\/p>\n<h2><\/div><\/h2>\n<div class='content-column one_half last_column'><p><a href=\"http:\/\/wabe-stuttgart.de\/cms\/wp-content\/uploads\/2015\/09\/IMG_1355-e1446451563311.jpg\"><img loading=\"lazy\" decoding=\"async\" class=\"aligncenter wp-image-116\" src=\"http:\/\/wabe-stuttgart.de\/cms\/wp-content\/uploads\/2015\/09\/IMG_1355-e1446451563311.jpg\" alt=\"IMG_1355\" width=\"393\" height=\"221\" \/><\/a><\/p>\n<p><a href=\"http:\/\/wabe-stuttgart.de\/cms\/wp-content\/uploads\/2015\/09\/IMG_1353-e1446451859562.jpg\"><img loading=\"lazy\" decoding=\"async\" class=\"aligncenter wp-image-111\" src=\"http:\/\/wabe-stuttgart.de\/cms\/wp-content\/uploads\/2015\/09\/IMG_1353-e1446451859562.jpg\" alt=\"IMG_1353\" width=\"393\" height=\"221\" \/><\/a><\/p><\/div><div class='clear_column'><\/div>\n","protected":false},"excerpt":{"rendered":"","protected":false},"author":1,"featured_media":0,"parent":57,"menu_order":0,"comment_status":"closed","ping_status":"closed","template":"","meta":{"footnotes":""},"_links":{"self":[{"href":"https:\/\/wabe-stuttgart.de\/cms\/wp-json\/wp\/v2\/pages\/10"}],"collection":[{"href":"https:\/\/wabe-stuttgart.de\/cms\/wp-json\/wp\/v2\/pages"}],"about":[{"href":"https:\/\/wabe-stuttgart.de\/cms\/wp-json\/wp\/v2\/types\/page"}],"author":[{"embeddable":true,"href":"https:\/\/wabe-stuttgart.de\/cms\/wp-json\/wp\/v2\/users\/1"}],"replies":[{"embeddable":true,"href":"https:\/\/wabe-stuttgart.de\/cms\/wp-json\/wp\/v2\/comments?post=10"}],"version-history":[{"count":31,"href":"https:\/\/wabe-stuttgart.de\/cms\/wp-json\/wp\/v2\/pages\/10\/revisions"}],"predecessor-version":[{"id":520,"href":"https:\/\/wabe-stuttgart.de\/cms\/wp-json\/wp\/v2\/pages\/10\/revisions\/520"}],"up":[{"embeddable":true,"href":"https:\/\/wabe-stuttgart.de\/cms\/wp-json\/wp\/v2\/pages\/57"}],"wp:attachment":[{"href":"https:\/\/wabe-stuttgart.de\/cms\/wp-json\/wp\/v2\/media?parent=10"}],"curies":[{"name":"wp","href":"https:\/\/api.w.org\/{rel}","templated":true}]}}